t*f(u) + 9*r(u). Give m(5).
11
Let k(x) = x**3 + 6*x**2 - 6. Let i(u) = u**2 + 8*u + 10. Let n be 40/(-12) + (-2)/3. Let h be i(n). Determine k(h).
-6
Let s(r) = -7*r**3 + 3*r**2 + 2. Let c(t) = -9*t**3 + 2*t**2 + 3. Let b(j) = -3*c(j) + 4*s(j). What is b(6)?
-1
Let s(w) = -w**3 - 7*w**2 + 8*w - 5. Let j = -253 - -367. Let p = 106 - j. What is s(p)?
-5
Let f(n) = -12*n**3 + 3*n. Let s(v) = -47*v**3 + v**2 + 13*v. Let o(k) = 9*f(k) - 2*s(k). Suppose q = 3*u - 2*q - 18, -q - 5 = 0. Give o(u).
-15
Let q(y) be the first derivative of 5*y + 0*y**2 + 13 + 1/3*y**3. Calculate q(0).
5
Let j(l) = -5*l**2 - l. Let v = -1269 + 1272. What is j(v)?
-48
Let d(t) = -t + 1. Let l(g) = 5*g - 3. Let i(x) = 4*d(x) + l(x). Let c = 940 + -935. Give i(c).
6
Let k(j) = -13*j**2 - 13*j - 29. Let x(z) = 3*z**2 + 2*z + 7. Let a(r) = 2*k(r) + 9*x(r). Suppose 0 = -3*v + 3*l + 27, 2*v + 4*l + 2 = -4. Calculate a(v).
-10
Let z(d) = -9 - 5*d - 2*d + 5*d + 0*d. What is z(-9)?
9
Let f(l) = -2*l**3 + 7*l**2 - 5*l - 1. Let h = -1230 - -1234. Determine f(h).
-37
Let w(i) = -2*i**3 + 5*i**2 - 11*i + 2. Let u(d) = -6*d**2 + 2 - 3 + 5*d + 0*d**2 + 4*d**2 + d**3. Let q(r) = -9*u(r) - 4*w(r). Calculate q(-2).
3
Let t(i) = i**3 - i**2 - i + 5. Let s = 30 + -21. Let y = 9 - s. Let u(v) = -v. Let k be u(y). Give t(k).
5
Let w(m) = -m**3 - 2*m**2 + 2*m + 1. Let s(p) be the first derivative of 0*p**2 - 3 - 1/4*p**4 + 10/3*p**3 - 3*p. Let h be s(10). Give w(h).
4
Let o(a) = -a**2 + 2*a**2 - 1 + 0 + 4*a. Let k be (-12)/(-21)*14/(-2). Give o(k).
-1
Let j(a) = 16*a**2 - 18*a - 52. Let m(q) = -5*q**2 + 6*q + 16. Let n(w) = -4*j(w) - 13*m(w). What is n(5)?
-5
Let m(i) be the first derivative of i**4/4 - 11*i**3/3 + 11*i**2/2 - 6*i + 423. Determine m(10).
4
Let j(p) = -3*p + 1. Suppose -6 = 26*w - 58. Give j(w).
-5
Let r be 2*(5 - (-12)/(-3)). Suppose 0 = r*u + n + 4, 3*n - 6*n + 4 = -2*u. Let w(d) = -3*d - 2. What is w(u)?
4
Let l(c) = c + 3. Let m = -51 - -85. Let x = -38 + m. Calculate l(x).
-1
Let k(g) = 12*g - 7*g - 4*g - 2*g + 19. What is k(8)?
11
Let f(a) = a**2 + 8*a - 5. Suppose 13*s + 80 + 37 = 0. Calculate f(s).
4
Let p(i) = -i**2 - 3*i + 3. Let a(z) = -z + 12. Let k be a(8). Suppose 0*c = -4*g + k*c - 12, 9 = 3*g + 3*c. Suppose g*l = 2*l + 6. Give p(l).
3
Suppose -4*l + 6 = -3*l. Let d(r) = 7*r - 13. Let w(n) be the third derivative of n**4/24 - n**3/6 + 25*n**2. Let f(t) = l*w(t) - d(t). Calculate f(0).
7
Let z(c) = c**3 + 2*c**2 - c + 2. Suppose 5*q = 5*x + 2*q - 12, x + 20 = -5*q. Suppose x = -7*k + 33 - 47. What is z(k)?
4
Suppose 3*n - 14 = -2*r + 26, -5*n = -4*r + 102. Suppose 2*p = 3*q - r, 27 = -2*p - p + 3*q. Let o(z) = 2*z + 6. Give o(p).
-2
Let z = -60 + 62. Let u(x) = 0*x + 13*x - 9*x - 2 - 3*x**z. Determine u(2).
-6
Let r(c) be the third derivative of -c**7/2520 - c**6/80 - c**5/40 + 9*c**4/8 + 24*c**2. Let o(t) be the second derivative of r(t). Determine o(-7).
11
Let h = 2 + -17. Let t be 42/4*(-10)/h. Let z(x) = 20*x - 21*x + t - 1. Determine z(0).
6
Let a(s) = s**2 + 6*s - 10. Let h be ((-24)/14)/((-48)/(-168)). Determine a(h).
-10
Suppose -v = -5*v, -2*d = -4*v - 4. Suppose b = -2*h - 20, -7 = b - d*h + 5. Let n = b - -14. Let i(k) = k**3 + 2*k**2 + 2*k. Calculate i(n).
-4
Let a(m) = -5*m**3 - 1. Let d be a(-1). Suppose d*y - 3*y = c - 3, -5*y + 1 = 3*c. Let w be c/(-5) + 96/15. Let i(n) = -n**3 + 5*n**2 + 7*n - 8. What is i(w)?
-2
Let s(a) = -a**3 + 12*a**2 + 6*a - 80. Let w be s(12). Let o(k) = -2*k**2 - 15*k + 13. Determine o(w).
5
Let d(b) be the third derivative of 13*b**4/24 + 30*b**2. Suppose -5*i - i = -6. Calculate d(i).
13
Let w(r) = r. Let d(x) = 8*x - 1. Let k(z) = -d(z) - 6*w(z). Let u = 47 - 48. Calculate k(u).
15
Let j(m) = -6*m - 50. Let u(f) = 4*f + 25. Let o(p) = -3*j(p) - 5*u(p). Calculate o(11).
3
Let p(c) = c**2 + 11*c + 25. Let g = -883 + 880. Give p(g).
1
Let r(s) be the third derivative of s**6/120 - s**5/12 + s**4/12 + s**3/2 + 47*s**2. Give r(3).
-9
Suppose m - 4 = -2. Let d(c) = 10*c**2 + 7*c**2 - 1 - 6*c**m - 2*c**2. Suppose 0*l - 9 = -4*a + l, 2*a + l = -3. Determine d(a).
8
Let u(f) be the first derivative of 2*f**2 - 5*f - 208. Let p = -1 - -5. Give u(p).
11
Let s(q) be the third derivative of q**4/12 + 19*q**3/2 - q**2 - 280*q. Give s(-32).
-7
Let y(n) = -16379*n - 16381*n + 32757*n. Let r = 2 + -4. What is y(r)?
6
Let o = 6/797 + 779/2391. Let h(i) be the first derivative of -7*i - o*i**3 + 14 - 4*i**2. Determine h(-5).
8
Let z be -9 + 3 + (-2)/2. Let k(d) be the second derivative of d**4/12 + 4*d**3/3 - 2*d**2 - 2*d + 42. What is k(z)?
-11
Let o(f) be the second derivative of f**4/12 - f**2 + 2*f. Let m be -1 - 1 - (-4 - -2). Suppose m*w = 2*w. Determine o(w).
-2
Let s(d) = 2*d + 12*d**2 - 16*d**2 + 3*d**2 + 6. Give s(3).
3
Suppose 3*j = -0*j + 3. Let w(u) = j - 2 + 135*u - 137*u. Give w(1).
-3
Let t be 1 + (-64)/6 + 1/(-3). Let s be ((36/8)/(-9))/((-1)/t). Let p(c) = -c**3 - 5*c**2 + 2*c - 2. Determine p(s).
-12
Let q(v) be the second derivative of -v**5/60 + 5*v**4/24 - 7*v**3/3 - 15*v. Let z(l) be the second derivative of q(l). Calculate z(-4).
13
Let l = -81 + 82. Let h(s) = -2*s - 42 + 2*s + 43 + 7*s**2. Give h(l).
8
Let p(q) = -10*q + 1. Let c = 4 - 6. Let y(r) = 20*r - 3. Let k(h) = c*y(h) - 5*p(h). Suppose 10*u - 2 = 12*u. Give k(u).
-9
Let c(t) be the third derivative of t**6/120 - t**5/30 - t**4/6 + 5*t**2. Let z(k) = -k**3 - 9*k**2 - 8*k + 4. Let w be z(-8). Give c(w).
16
Let g(f) = -f**2 + 13*f + 14. Let l(t) = -t**3 + 8*t**2 - 10*t - 11. Let r be l(4). Determine g(r).
14
Let a(l) = l**3 + 7*l**2 + 3. Let f be a(-7). Let k(t) = 3*t + 2 - 3*t + 0 - t - t**f. Give k(0).
2
Let i(x) = -10*x + 1. Suppose d - 16 = 4*y, 15*y - 5*d + 29 = 12*y. Determine i(y).
31
Let u(p) = 9*p + p**3 - 14*p + 2*p - p**2 + 1. Determine u(4).
37
Suppose 13 = o - 3*m, 7*o = 12*o - 3*m - 53. Let t(f) = 2*f - 28. Calculate t(o).
-8
Let r(z) = z**3 - 8*z**2 + 8*z - 10. Suppose 5*i = -5*l + 25, -7*i = -9*i - 4*l + 6. Determine r(i).
-3
Let s(b) = -20*b**3 + 14*b**2 - 3*b - 2. Let w(j) = 40*j**3 - 23*j**2 + 5*j + 3. Let p(k) = -5*s(k) - 3*w(k). Determine p(-1).
20
Let i(h) = h**3 - 3*h**2 + h + 1. Let j be (-37)/((-3)/6*-2). Let l = j + 40. What is i(l)?
4
Suppose -2*y + 1880 = 1920. Let n(g) = g**3 + 20*g**2 + 2*g + 28. Determine n(y).
-12
Suppose 0 = 13*v - 7*v. Let i(w) = -w**2 - w + 5. What is i(v)?
5
Let v(r) = r**3 + 4*r**2 - r - 2. Let q be v(-4). Let k(m) = -m**2 - m**3 + 0*m**q + 5*m + 2*m**2 - 6 - 6*m**2. Calculate k(-6).
0
Let h(g) = g**2 + 3*g. Suppose 0 = -5*s + 3*f + 38, -s - 2*s + 5*f = -26. Suppose 0 = 4*m + 4*u + 16, -5*m - 2*u = 10 + s. Determine h(m).
0
Let u be 4 + 4 + 16/(-4). Let w(v) be the first derivative of -v**4/4 + v**3 + 5*v**2/2 + 3*v + 17. Determine w(u).
7
Let n(q) be the third derivative of -q**9/60480 - q**8/6720 + q**6/720 + 13*q**5/60 - q**2. Let y(g) be the third derivative of n(g). Calculate y(-1).
-1
Suppose -12 = -4*i, i = -3*n + n - 7. Let m(p) be the third derivative of -p**5/60 - p**4/24 + p**3 + p**2 + 1. Determine m(n).
-14
Let h(q) = -6*q - 2*q**2 - 4 - q**2 + 2*q**2 + 2. Let v = -247 - -243. Determine h(v).
6
Let m(c) = 3*c**2 + 10*c + 1. Let g(y) = -y**2 - 5*y. Let p(v) = 5*g(v) + 2*m(v). Let w(f) = -f**3 + 2*f**2 + 2*f + 5. Let x be w(0). Give p(x).
2
Let k(w) = 4*w + 7. Let r be -6 + (-126)/(-24) - (-94)/8. Let m(f) = 21*f + 34. Let u(s) = r*k(s) - 2*m(s). Give u(-9).
-9
Suppose 0*p = p - 4. Let u(t) = -11*t - 1 + 4*t + 4*t + p*t. What is u(-6)?
-7
Suppose 5*y = 22 + 23. Let t = 12 - y. Suppose -x - t*p - 7 = -2, 2*x = 2*p - 10. Let j(o) = -o**3 - 4*o**2 + 4*o. Calculate j(x).
5
Let h = -8 + 11. Suppose h*u - 6 = 2*u. Let x(j) = j**2 + 4*j - u*j + 8*j - 5. Calculate x(-6).
-5
Suppose c = 3*c - 28. Suppose 12*n + 12 = c*n. Let g(w) = -w**2 + 7*w - 2. What is g(n)?
4
Let p(q) be the third derivative of 0 + 0*q - 1/60*q**5 - 27*q**2 + 0*q**3 + 0*q**4. Determine p(3).
-9
Let q(f) = -10*f**2 + 2*f + 1. Let i(j) = -j + 11. Let z(a) = a - 1. Let w be z(11). Let r be i(w). Let b be ((-2)/6)/(r/3). Give q(b).
-11
Let g(j) = -8*j + 8. Let i(u) = 7*u - 9. Let n(b) = -6*g(b) - 7*i(b). Let x(q) = 2. Let l(m) = -n(m) + 4*x(m). Let s be 6 - (-1 - (0 - 2)). Determine l(s).
-2
Let b be 4/(-6) + 310/15. Let m = b - 